s the units digit of 408224569?
9
What is the ten millions digit of 32283735?
3
What is the tens digit of 329769863?
6
What is the ten millions digit of 91941277?
9
What is the hundred millions digit of 300560593?
3
What is the ten thousands digit of 21766381?
6
What is the millions digit of 318477206?
8
What is the hundreds digit of 95800864?
8
What is the thousands digit of 557780929?
0
What is the hundred millions digit of 1659642655?
6
What is the billions digit of 3590997006?
3
What is the hundreds digit of 172042060?
0
What is the hundreds digit of 2648844273?
2
What is the ten thousands digit of 117050173?
5
What is the ten thousands digit of 64391334?
9
What is the tens digit of 2168960297?
9
What is the tens digit of 3502927258?
5
What is the hundreds digit of 80930668?
6
What is the ten thousands digit of 30916636?
1
What is the hundred millions digit of 144393473?
1
What is the millions digit of 101166972?
1
What is the thousands digit of 2691158?
1
What is the hundreds digit of 3682005?
0
What is the hundred thousands digit of 1016877736?
8
What is the millions digit of 85717765?
5
What is the units digit of 81253768?
8
What is the millions digit of 108538026?
8
What is the millions digit of 655048008?
5
What is the tens digit of 150212828?
2
What is the thousands digit of 747126924?
6
What is the tens digit of 1213083?
8
What is the units digit of 55150648?
8
What is the ten millions digit of 2654501302?
5
What is the units digit of 205011463?
3
What is the millions digit of 212050023?
2
What is the millions digit of 1898642530?
8
What is the hundreds digit of 20013492?
4
What is the thousands digit of 78366080?
6
What is the tens digit of 38256002?
0
What is the hundreds digit of 114015400?
4
What is the ten millions digit of 486307537?
8
What is the hundred millions digit of 582251620?
5
What is the tens digit of 248141476?
7
What is the ten millions digit of 147908776?
4
What is the ten millions digit of 99282202?
9
What is the hundred thousands digit of 571867624?
8
What is the units digit of 1353116014?
4
What is the tens digit of 82743003?
0
What is the units digit of 3582637774?
4
What is the tens digit of 2454909491?
9
What is the hundreds digit of 150833661?
6
What is the hundreds digit of 59145706?
7
What is the hundred thousands digit of 48350947?
3
What is the thousands digit of 801944163?
4
What is the ten millions digit of 4680889460?
8
What is the ten millions digit of 349916041?
4
What is the thousands digit of 393508941?
8
What is the ten thousands digit of 121706480?
0
What is the ten thousands digit of 3869580?
6
What is the hundreds digit of 2412148?
1
What is the ten millions digit of 2354118775?
5
What is the units digit of 1043952113?
3
What is the tens digit of 10787928?
2
What is the ten millions digit of 49754885?
4
What is the thousands digit of 51407142?
7
What is the hundred millions digit of 259707989?
2
What is the hundreds digit of 77593859?
8
What is the units digit of 77739969?
9
What is the tens digit of 369551942?
4
What is the millions digit of 715725028?
5
What is the hundred thousands digit of 301574549?
5
What is the units digit of 110833923?
3
What is the hundred thousands digit of 1631735680?
7
What is the thousands digit of 389171736?
1
What is the hundreds digit of 168599484?
4
What is the millions digit of 1967845682?
7
What is the ten thousands digit of 634235385?
3
What is the hundreds digit of 429550193?
1
What is the millions digit of 47255667?
7
What is the ten millions digit of 449615610?
4
What is the ten thousands digit of 380352235?
5
What is the units digit of 683874729?
9
What is the billions digit of 1831992012?
1
What is the tens digit of 87211887?
8
What is the millions digit of 35467371?
5
What is the units digit of 38105815?
5
What is the units digit of 436814944?
4
What is the hundred millions digit of 2198052830?
1
What is the tens digit of 10599211?
1
What is the tens digit of 541939700?
0
What is the ten thousands digit of 114821411?
2
What is the ten millions digit of 2130472119?
3
What is the hundred thousands digit of 1391278668?
2
What is the units digit of 29064372?
2
What is the thousands digit of 3597081437?
1
What is the units digit of 264639076?
6
What is the hundred thousands digit of 430667837?
6
What is the ten millions digit of 190834807?
9
What is the hundred thousands digit of 10441801?
4
What is the ten thousands digit of 17476980?
7
What is the hundreds digit of 63438923?
9
What is the thousands digit of 524139122?
9
What is the ten millions digit of 851504861?
5
What is the thousands digit of 373246913?
6
What is the thousands digit of 1070850291?
0
What is the hundred thousands digit of 337021432?
0
What is the units digit of 5389893017?
7
What is the ten thousands digit of 4641096?
4
What is the tens digit of 2635365815?
1
What is the millions digit of 295911369?
5
What is the thousands digit of 74752129?
2
What is the hundreds digit of 96574354?
3
What is the tens digit of 5745964019?
1
What is the units digit of 333885992?
2
What is the hundred millions digit of 6473849694?
4
What is the units digit of 966941361?
1
What is the hundred millions digit of 229449593?
2
What is the thousands digit of 30682122?
2
What is the thousands digit of 112533536?
3
What is the ten thousands digit of 304346292?
4
What is the thousands digit of 783841402?
1
What is the hundreds digit of 56960620?
6
What is the millions digit of 13894828?
3
What is the thousands digit of 62002349?
2
What is the tens digit of 4229182704?
0
What is the hundred thousands digit of 349812701?
8
What is the units digit of 259979298?
8
What is the hundreds digit of 60134133?
1
What is the ten millions digit of 54739119?
5
What is the ten thousands digit of 461112140?
1
What is the units digit of 727501294?
4
What is the tens digit of 35151860?
6
What is the ten thousands digit of 117045042?
4
What is the ten thousands digit of 321606807?
0
What is the thousands digit of 13501763?
1
What is the hundred thousands digit of 255936208?
9
What is the hundreds digit of 485838341?
3
What is the tens digit of 1279684063?
6
What is the units digit of 604095030?
0
What is the ten millions digit of 77648080?
7
What is the hundreds digit of 78359184?
1
What is the ten millions digit of 3018938159?
1
What is the millions digit of 34003659?
4
What is the hundred thousands digit of 1657860001?
8
What is the thousands digit of 57273247?
3
What is the hundred millions digit of 1920063787?
9
What is the hundreds digit of 1402838779?
7
What is the thousands digit of 3792689560?
9
What is the hundreds digit of 36202892?
8
What is the units digit of 747730386?
6
What is the hundred millions digit of 316224258?
3
What is the millions digit of 2329384589?
9
What is the hundreds digit of 4312882064?
0
What is the ten millions digit of 532858831?
3
What is the thousands digit of 129385783?
5
What is the ten thousands digit of 36339663?
3
What is the thousands digit of 247243522?
3
What is the ten thousands digit of 4133052517?
5
What is the millions digit of 243571568?
3
What is the thousands digit of 48065328?
5
What is the ten thousands digit of 73125153?
2
What is the millions digit of 7991834434?
1
What is the millions digit of 4860988458?
0
What is the units digit of 309109353?
3
What is the millions digit of 4144792917?
4
What is the billions digit of 3273699844?
3
What is the hundred thousands digit of 148134461?
1
What is the units digit of 95894711?
1
What is the ten thousands digit of 421730228?
3
What is the billions digit of 1342723730?
1
What is the tens digit of 2809311866?
6
What is the ten millions digit of 49103870?
4
What is the hundreds digit of 572150064?
0
What is the ten thousands digit of 100140411?
4
What is the hundred thousands digit of 47745888?
7
What is the thousands digit of 13672560?
2
What is the thousands digit of 2721599177?
9
What is the ten millions digit of 21899502?
2
What is the tens digit of 162741341?
4
What is the ten millions digit of 1084398472?
8
What is the hundreds digit of 854547768?
7
What is the hundred thousands digit of 25988803?
9
What is the ten thousands digit of 33759982?
5
What is the ten thousands digit of 8282179878?
7
What is the millions digit of 